0) + (1 - -3) + -6?
5
What is 1 - -1 - 6 - -1 - -8?
5
Calculate (-12 - (-17 + 7)) + 6.
4
What is -1 + 1 - ((20 - 8) + -7)?
-5
Evaluate (0 - -1) + (23 - 25).
-1
What is (0 - 2) + (-2 - (0 - 2))?
-2
What is -1 + 2 + (-4 - -10 - 3)?
4
What is the value of -4 - (-1 + 0 + -5 + 0)?
2
What is the value of -3 + 1 - -5 - (80 - 77)?
0
1 - (2 - (0 + 1 - -2))
2
Calculate 3 + (-4 - (3 + -6)).
2
What is -1 - (-7 - -17 - 7)?
-4
Evaluate 0 + 4 - (2 + (4 - 2)).
0
What is the value of -5 + (0 - ((0 - 2) + 1))?
-4
What is the value of 0 + (-9 - (-10 - -4))?
-3
Calculate -3 + 5 + 0 + 3 + -2.
3
What is -1 + 6 + -24 + 13?
-6
What is the value of -4 - -3 - (0 + -4)?
3
What is the value of 2 + 6 + 2 + -2 + -3?
5
Evaluate -2 - 8 - -1 - -5.
-4
What is 2 - ((2 - -1) + 1)?
-2
What is 1 + -1 + 4 + -5?
-1
Evaluate -11 + 2 - -1 - (52 + -58).
-2
Calculate 13 - (19 - 10) - -4.
8
What is -1 + -3 + (1 - -2)?
-1
Evaluate (8 - 6) + 2 + 1.
5
-4 + (6 - (-4 + -3)) + -6
3
Calculate 1 + -2 + (4 - -1).
4
Calculate 1 - 1 - (-37 + 35).
2
Calculate 5 + 0 + -4 + 7 + -4.
4
10 - (2 - (5 + (-1 - 4)))
8
-8 + -4 - (-16 - -4)
0
(-10 - -6) + 9 - (10 + 1)
-6
What is 1 - 1 - (-14 - -9)?
5
(-7 - (0 - 4)) + 3 - 1
-1
Calculate -1 + (-6 - -4) + 2.
-1
Evaluate (-3 - 0) + (-9 - (-3 + -5)).
-4
What is 0 - 9 - (-11 - -5)?
-3
What is the value of -2 - (-6 + 0 + 2 + 6)?
-4
What is 1 - (-5 + 0 + 9)?
-3
What is the value of -2 + 7 - ((3 - 2) + 1)?
3
Evaluate (2 + -5 - -1) + -2 + 2.
-2
Calculate 27 - 27 - (-1 - -1 - 3).
3
-5 - (-10 - -8 - 7)
4
Calculate 3 + (5 - (3 + -1 - -1)).
5
Calculate (-5 - (-2 + -6)) + (0 - -1).
4
What is the value of 4 + (-2 - -4) - (2 - 1)?
5
Evaluate -6 - ((-8 - -2) + -4).
4
Calculate -1 + 8 + -4 + -3 - 1.
-1
What is -4 - (-11 - (-4 - 5 - -3))?
1
What is 3 + 0 + -4 + -3 + 0?
-4
-8 + ((3 - 7) + 6 - 0)
-6
Evaluate 10 + 0 + -13 + 6.
3
What is 1 + (12 - 8 - 3)?
2
Evaluate -3 - (-5 + -2 + (2 - -2)).
0
Calculate -4 + 2 + (0 - (5 - 3)).
-4
Evaluate -8 + 11 - (-1 + (10 - 3)).
-3
What is the value of 2 + -5 - ((-2 - 2) + 1)?
0
Evaluate 11 + (-4 - -3) + -7.
3
What is the value of -3 + 17 + -3 + (-18 - -12)?
5
Evaluate (-1 - 3) + (-9 - (-11 + 2)).
-4
What is the value of (0 - -8) + -3 + (-1 - 1)?
3
What is 4 + (-11 + 1 - -5 - -2)?
1
What is -1 - (3 - 0 - 7 - 0)?
3
8 + (5 - 9) - 7
-3
What is the value of -2 + (-4 - (-13 - -4))?
3
6 + -4 + 5 + -8 + 5
4
-7 + 0 + 19 + -7
5
Evaluate -6 + (9 + -5 - 2 - -3).
-1
What is the value of -3 - 0 - 0 - (2 + -4)?
-1
(0 - -3) + 4 + -5
2
(-3 - (8 + 8 + -23)) + -8
-4
Evaluate 0 + (5 + -9 - -9).
5
What is the value of 5 + -2 + (-19 - -9)?
-7
Evaluate 3 + (0 - -1) + -8 + 2.
-2
What is the value of -12 - -6 - (-2 - -1)?
-5
What is 5 - (1 - 6 - (4 + -15))?
-1
What is the value of -3 + 4 + -3 + 6?
4
What is the value of (-22 - -21) + -2 + -3 + 1?
-5
Evaluate -1 - (-4 - ((3 - 1) + -3)).
2
Evaluate (-5 - (-2 - 1)) + 3 + 2.
3
What is -1 + (-3 - -2 - -4)?
2
Calculate 0 - (-7 - -2 - -2).
3
What is -3 - (1 - (0 - -3))?
-1
(-9 - -4 - -1) + 2
-2
What is the value of 17 + -10 - -1 - (-2 - -2)?
8
Calculate -5 + -3 + -4 + 2 + 5.
-5
Calculate 2 - -4 - 7 - -6.
5
4 + (8 - (11 + -2))
3
Calculate -8 - (-3 + 8 + -12).
-1
Evaluate 1 - (1 - (4 - 1 - 0)).
3
What is -1 - 0 - (10 + -12)?
1
What is (-3 - (-1 + -8 + 3)) + -1?
2
Calculate (1 - -1) + (5 - 5) + 1.
3
Calculate 4 + (5 + -6 - (0 + 0)).
3
Calculate -8 + (28 - (-6 + 17)).
9
What is the value of -2 + -1 + (-10 - (-11 + -4))?
2
What is the value of -4 - (-7 + (2 - 1))?
2
Calculate 171 - 175 - (0 - 3).
-1
What is 1 - (-3 - -1 - 2)?
5
(5 - 7) + -1 + 1
-2
Evaluate 2 - 0 - (-42 + 44).
0
What is -2 - ((0 - 4) + 4)?
-2
2 - (7 + -1 + -3)
-1
Evaluate (-4 - 6) + 13 - 8.
-5
13 - (-5 - 3 - -16)
5
Evaluate -1 + 2 - (15 - (12 - 1)).
-3
Calculate (6 + 2 + 0 - 1) + -9.
-2
Calculate (3 - 12) + 0 + 6.
-3
What is the value of (4 - (-1 + 8)) + 3?
0
Calculate (-11 - 0) + 9 + (-17 - -15).
-4
Evaluate -12 - -12 - (3 + -2).
-1
What is the value of (-3 - (0 + -3 + 3)) + 8?
5
1 - ((9 - 19) + 18)
-7
What is the value of (-1 - -5) + -1 - (32 - 33)?
4
What is the value of 11 + -15 + 3 - 2?
-3
Calculate 6 + -4 + (0 - -1).
3
What is 5 - 0 - 2 - 5?
-2
-53 + 59 + (-1 - 7)
-2
What is the value of -1 - -2 - (7 - 8) - 4?
-2
What is the value of 1 + 2 + (-3 - (-5 + 3))?
2
What is 0 - ((0 - -7) + -8)?
1
5 - (-9 + (19 - 3))
-2
What is the value of (-1 - 12) + (-176 - -191)?
2
What is the value of -1 + (1 - -4) - (-3 + 6)?
1
What is (-2 + 2 - 3) + -19 + 23?
1
Evaluate 9 - ((-9 - -2) + 11).
5
Evaluate (23 + -19 - (-1 - 0)) + -6.
-1
11 + -6 + 4 + 0 + -4
5
Calculate (-67 - -78) + (-1 - 2).
8
11 + -16 + -3 + (2 - -1)
-5
What is (1 - -2) + -6 - (-3 - 3)?
3
Calculate -85 + 83 - (-4 - (-2 + 1)).
1
Evaluate -8 - (9 + 0 + -18).
1
Calculate -5 - ((4 - -3) + -17 + 12).
-7
Evaluate (-130 - -140) + -1 + -3.
6
Evaluate (-8 + 9 - -7) + -7.
1
Calculate (4 + -2 - 1) + -38 + 34.
-3
Calculate (6 - 2) + 4 + (3 - 8).
3
What is the value of 6 - (1 + (-3 + 6 - 6))?
8
What is 1 + 2 - (5 + -1)?
-1
(3 - 4) + 35 + -28
6
Calculate (6 - (8 - 4 - -2)) + 5.
5
Evaluate -4 + 7 + -4 - (10 + -13).
2
What is 4 + (-2 + -1 - -8)?
9
What is the value of 3 - -2 - (-2 - (1 + -5))?
3
What is (9 - 4 - 2) + (-28 - -16)?
-9
Evaluate -7 + (1 - (-4 - 0)).
-2
(2 - 3 - 0) + 22 + -16
5
Evaluate (-3 - -6) + 1 + 1.
5
-8 + 13 - (1 + -1) - 4
1
What is (-17 - -9 - (-6 + 1)) + 2?
-1
Evaluate 7 - (33 - 40 - (-8 + 0)).
6
(0 - -1) + 0 + 6 + -4
3
Calculate -2 - 6 - (39 - 41).
-6
297 + -294 + 0 + (1 - 3)
1
What is -7 + 10 + -8 + 2?
-3
Evaluate -5 - -7 - -5 - 0.
7
Evaluate 4 + 3 + -10 + -2.
-5
Calculate 6 + (-4 - ((-5 - -4) + -1)).
4
-10 + (-8 - -12) - -12
6
What is the value of (4 - (0 - (1 - 2))) + -8?
-5
Evaluate -21 + (2 - -7) + 8.
-4
What is 6 - (0 - -16) - (-3 - 2)?
-5
What is the value of (2 - 1) + -4 + 2?
-1
0 + 6 + -4 - (9 - 7)
0
Evaluate (5 - 3) + 1 + -2.
1
3 + 0 + (48 - 53)
-2
What is 12 - 7 - 3 - (3 + -2)?
1
1 + 1 + 2 + 7 + -6
5
Evaluate (-4 - -5) + 2 + -7.
-4
What is -10 + -2 + 5 - -11?
4
What is (5 - -7) + -3 - (-1 - -6)?
4
Evaluate 0 + 4 - 9 - 2.
-7
What is 0 - (-8 + 2 - 0)?
6
Evaluate -1 - (6 + -4 + 2).
-5
Evaluate -11 + 19 + -11 - (-1 + 7).
-9
(-5 - (4 - (5 + 3))) + -4
-5
Calculate (4 - 0 - 1) + 1.
4
What is (-11 - -10) + -2 + 2 + 0?
-1
8 - 11 - -4 - (-3 - -1)
3
Evaluate 2 - (5 + -1 - 7).
5
What is 6 + -2 - 6 - 3?
-5
What is (5 - 0 - 5) + 4?
4
Calculate -99 - -99 - (-6 + 0).
6
Calculate -1 + (6 - (4 + -4)).
5
Calculate (-8 + 6 - -2) + -7.
-7
What is 9 + -17 + (-4 - -9)?
-3
What is the value of -9 + 4 - -8 - 10?
-7
Evaluate (-2 - (-1 - (4 - 0))) + -5.
-2
1 - 16 - -5 - -16
6
(18 - 13) + -3 + 0
2
Evaluate -8 + -1 + 14 + -3.
2
Evaluate -5 - (-3 - (-2 + 2)).
-2
Calculate -4 - (-14 + 10 - (-1 + -4)).
-5
What is the value of -1 - (1 - 6) - (2 + 0)?
2
Evaluate -3 + (0 - -2) + 4.
3
What is the value of 9 - (4 + -10 - -13)?
2
What is the value of -2 - (-5 - -7 - 3)?
-1
What is the value of 0 + (-9 - -3) + 3?
-3
What is the value of (23 - 28) + (2 - -2) + -9?
-10
Calculate 5 - (5 + (-13 - -10)).
3
Calculate 2 + -5 + -1 + -6 + 13.
3
What is 8 + -4 + 4 + -3?
5
What is 5 + 5 - (3 + 2)?
5
Evaluate 3 + -8 + 10 + -4.
1
Evaluate 8 - (6 - -2) - 2.
-2
(-1 - 0 - 7) + -28 + 28
-8
Calculate -5 + 1 + 12 + -11.
-3
What is the value of -129 + 128 - (7 + 1 + -2)?
-7
Calculate 5 - (-1 + (4 - -2)) - -1.
1
What is the value of 1 + (0 - (-4 + (-1 - -3)))?
3
Evaluate (0 - -16 - 20) + 0 + 4.
0
What is the value of (14 - 5) + -7 + 1?
3
What is the value of -12 - 0 - -9 - 4?
-7
What is -27 + -4 + 9 - -12?
-10
Calculate (-8 - (1 + 3 - 4)) + 8.
0
What is (-18 - -6) + 2 + 5?
-5
What is the value of -8 - (2 + (-5 - 1))?
-4
Calculate (-23 - -25) + -1 + 4.
5
Calculate -5 - (-7 - (0 + 3)).
5
What is the value of 1 - (-5 + (-1 - -7)) - 2?
-2
What is the value of -4 + (1 - (-5 + 2 + -5))?
5
What is the value of -4 + -2 + -5 + 17?
6
What is the value of 2 - 3 - 1 - (2 - 0)?
-4
Calculate 2 + 6 - -3 - (44 + -44).
11
Calculate -10 - (-9 + 3 + -7 + 9).
-6
What is -1 + (-2 - (1 - 0))?
-4
What is 2 - (-10 + (0 - -13))?
-1
1 - (-2 + (2 - (-3 + 2)))
0
Evaluate 1 - (4 + -3) - 3.
-3
What is 2 - -8 - (1 + 14)?
-5
What is the value of (0 - -5 - (-9 + 12)) + -3?
-1
Evaluate 4 + -4 - 0 - 5.
-5
Evaluate 5 + (-4 - 1) - -4.
4
-4 + 0 + 1 + 2
-1
What is the value of -1 + 1 + -